{"version":"1.0","provider_name":"El Diario - Bolivia","provider_url":"https:\/\/www.eldiario.net\/portal","title":"Precios de alimentos suben a nivel mundial - El Diario - Bolivia","type":"rich","width":600,"height":338,"html":"<blockquote class=\"wp-embedded-content\" data-secret=\"FW08qMMIDb\"><a href=\"https:\/\/www.eldiario.net\/portal\/2021\/06\/05\/precios-de-alimentos-suben-a-nivel-mundial\/\">Precios de alimentos suben a nivel mundial<\/a><\/blockquote><iframe sandbox=\"allow-scripts\" security=\"restricted\" src=\"https:\/\/www.eldiario.net\/portal\/2021\/06\/05\/precios-de-alimentos-suben-a-nivel-mundial\/embed\/#?secret=FW08qMMIDb\" width=\"600\" height=\"338\" title=\"\u00abPrecios de alimentos suben a nivel mundial\u00bb \u2014 El Diario - Bolivia\" data-secret=\"FW08qMMIDb\" frameborder=\"0\" marginwidth=\"0\" marginheight=\"0\" scrolling=\"no\" class=\"wp-embedded-content\"><\/iframe><script>\n\/*! This file is auto-generated *\/\n!function(d,l){\"use strict\";l.querySelector&&d.addEventListener&&\"undefined\"!=typeof URL&&(d.wp=d.wp||{},d.wp.receiveEmbedMessage||(d.wp.receiveEmbedMessage=function(e){var t=e.data;if((t||t.secret||t.message||t.value)&&!\/[^a-zA-Z0-9]\/.test(t.secret)){for(var s,r,n,a=l.querySelectorAll('iframe[data-secret=\"'+t.secret+'\"]'),o=l.querySelectorAll('blockquote[data-secret=\"'+t.secret+'\"]'),c=new RegExp(\"^https?:$\",\"i\"),i=0;i<o.length;i++)o[i].style.display=\"none\";for(i=0;i<a.length;i++)s=a[i],e.source===s.contentWindow&&(s.removeAttribute(\"style\"),\"height\"===t.message?(1e3<(r=parseInt(t.value,10))?r=1e3:~~r<200&&(r=200),s.height=r):\"link\"===t.message&&(r=new URL(s.getAttribute(\"src\")),n=new URL(t.value),c.test(n.protocol))&&n.host===r.host&&l.activeElement===s&&(d.top.location.href=t.value))}},d.addEventListener(\"message\",d.wp.receiveEmbedMessage,!1),l.addEventListener(\"DOMContentLoaded\",function(){for(var e,t,s=l.querySelectorAll(\"iframe.wp-embedded-content\"),r=0;r<s.length;r++)(t=(e=s[r]).getAttribute(\"data-secret\"))||(t=Math.random().toString(36).substring(2,12),e.src+=\"#?secret=\"+t,e.setAttribute(\"data-secret\",t)),e.contentWindow.postMessage({message:\"ready\",secret:t},\"*\")},!1)))}(window,document);\n\/\/# sourceURL=https:\/\/www.eldiario.net\/portal\/wp-includes\/js\/wp-embed.min.js\n<\/script>\n","thumbnail_url":"https:\/\/www.eldiario.net\/portal\/wp-content\/uploads\/2021\/06\/fao.jpeg","thumbnail_width":449,"thumbnail_height":220,"description":"Los precios de alimentos, a nivel mundial, aumentaron en mayo a su tasa mensual m\u00e1s r\u00e1pida en m\u00e1s de una d\u00e9cada, incluso cuando la producci\u00f3n mundial de cereales est\u00e1 camino de alcanzar un nuevo r\u00e9cord, seg\u00fan la Organizaci\u00f3n de las Naciones Unidas para la Agricultura y la Alimentaci\u00f3n (FAO). El \u00edndice de precios de los [&hellip;]"}

Los precios de alimentos, a nivel mundial, aumentaron en mayo a su tasa mensual más rápida en más de una década, incluso cuando la producción mundial de cereales está camino de alcanzar un nuevo récord, según la Organización de las Naciones Unidas para la Agricultura y la Alimentación (FAO). El índice de precios de los [&hellip;]
