{"version":"1.0","provider_name":"El Diario - Bolivia","provider_url":"https:\/\/www.eldiario.net\/portal","title":"Marco Bulacia, en el camino del afianzamiento - El Diario - Bolivia","type":"rich","width":600,"height":338,"html":"<blockquote class=\"wp-embedded-content\" data-secret=\"MfrCe2p1Wt\"><a href=\"https:\/\/www.eldiario.net\/portal\/2021\/06\/05\/marco-bulacia-en-el-camino-del-afianzamiento\/\">Marco Bulacia, en el camino del afianzamiento<\/a><\/blockquote><iframe sandbox=\"allow-scripts\" security=\"restricted\" src=\"https:\/\/www.eldiario.net\/portal\/2021\/06\/05\/marco-bulacia-en-el-camino-del-afianzamiento\/embed\/#?secret=MfrCe2p1Wt\" width=\"600\" height=\"338\" title=\"\u00abMarco Bulacia, en el camino del afianzamiento\u00bb \u2014 El Diario - Bolivia\" data-secret=\"MfrCe2p1Wt\" frameborder=\"0\" marginwidth=\"0\" marginheight=\"0\" scrolling=\"no\" class=\"wp-embedded-content\"><\/iframe><script>\n\/*! This file is auto-generated *\/\n!function(d,l){\"use strict\";l.querySelector&&d.addEventListener&&\"undefined\"!=typeof URL&&(d.wp=d.wp||{},d.wp.receiveEmbedMessage||(d.wp.receiveEmbedMessage=function(e){var t=e.data;if((t||t.secret||t.message||t.value)&&!\/[^a-zA-Z0-9]\/.test(t.secret)){for(var s,r,n,a=l.querySelectorAll('iframe[data-secret=\"'+t.secret+'\"]'),o=l.querySelectorAll('blockquote[data-secret=\"'+t.secret+'\"]'),c=new RegExp(\"^https?:$\",\"i\"),i=0;i<o.length;i++)o[i].style.display=\"none\";for(i=0;i<a.length;i++)s=a[i],e.source===s.contentWindow&&(s.removeAttribute(\"style\"),\"height\"===t.message?(1e3<(r=parseInt(t.value,10))?r=1e3:~~r<200&&(r=200),s.height=r):\"link\"===t.message&&(r=new URL(s.getAttribute(\"src\")),n=new URL(t.value),c.test(n.protocol))&&n.host===r.host&&l.activeElement===s&&(d.top.location.href=t.value))}},d.addEventListener(\"message\",d.wp.receiveEmbedMessage,!1),l.addEventListener(\"DOMContentLoaded\",function(){for(var e,t,s=l.querySelectorAll(\"iframe.wp-embedded-content\"),r=0;r<s.length;r++)(t=(e=s[r]).getAttribute(\"data-secret\"))||(t=Math.random().toString(36).substring(2,12),e.src+=\"#?secret=\"+t,e.setAttribute(\"data-secret\",t)),e.contentWindow.postMessage({message:\"ready\",secret:t},\"*\")},!1)))}(window,document);\n\/\/# sourceURL=https:\/\/www.eldiario.net\/portal\/wp-includes\/js\/wp-embed.min.js\n<\/script>\n","description":"No comparte or\u00edgenes, no comparte tampoco sus habilidades ni siquiera el mismo \u00edmpetu a la hora de alcanzar su maquinaci\u00f3n, por eso Marco Bulacia Wilkinson consolid\u00f3 el tercer espacio en la Clase WRC2 del Campeonato Mundial, en el primer d\u00eda del Rally Sardegna. Bulacia tiene una cualidad, atesorar el coche porque empoll\u00f3 que se debe [&hellip;]"}

No comparte orígenes, no comparte tampoco sus habilidades ni siquiera el mismo ímpetu a la hora de alcanzar su maquinación, por eso Marco Bulacia Wilkinson consolidó el tercer espacio en la Clase WRC2 del Campeonato Mundial, en el primer día del Rally Sardegna. Bulacia tiene una cualidad, atesorar el coche porque empolló que se debe [&hellip;]
