{"version":"1.0","provider_name":"El Diario - Bolivia","provider_url":"https:\/\/www.eldiario.net\/portal","title":"Papa nombra a obispo filipino en Israel - El Diario - Bolivia","type":"rich","width":600,"height":338,"html":"<blockquote class=\"wp-embedded-content\" data-secret=\"CIAk66oPvv\"><a href=\"https:\/\/www.eldiario.net\/portal\/2021\/06\/04\/papa-nombra-a-obispo-filipino-en-israel\/\">Papa nombra a obispo filipino en Israel<\/a><\/blockquote><iframe sandbox=\"allow-scripts\" security=\"restricted\" src=\"https:\/\/www.eldiario.net\/portal\/2021\/06\/04\/papa-nombra-a-obispo-filipino-en-israel\/embed\/#?secret=CIAk66oPvv\" width=\"600\" height=\"338\" title=\"\u00abPapa nombra a obispo filipino en Israel\u00bb \u2014 El Diario - Bolivia\" data-secret=\"CIAk66oPvv\" frameborder=\"0\" marginwidth=\"0\" marginheight=\"0\" scrolling=\"no\" class=\"wp-embedded-content\"><\/iframe><script>\n\/*! This file is auto-generated *\/\n!function(d,l){\"use strict\";l.querySelector&&d.addEventListener&&\"undefined\"!=typeof URL&&(d.wp=d.wp||{},d.wp.receiveEmbedMessage||(d.wp.receiveEmbedMessage=function(e){var t=e.data;if((t||t.secret||t.message||t.value)&&!\/[^a-zA-Z0-9]\/.test(t.secret)){for(var s,r,n,a=l.querySelectorAll('iframe[data-secret=\"'+t.secret+'\"]'),o=l.querySelectorAll('blockquote[data-secret=\"'+t.secret+'\"]'),c=new RegExp(\"^https?:$\",\"i\"),i=0;i<o.length;i++)o[i].style.display=\"none\";for(i=0;i<a.length;i++)s=a[i],e.source===s.contentWindow&&(s.removeAttribute(\"style\"),\"height\"===t.message?(1e3<(r=parseInt(t.value,10))?r=1e3:~~r<200&&(r=200),s.height=r):\"link\"===t.message&&(r=new URL(s.getAttribute(\"src\")),n=new URL(t.value),c.test(n.protocol))&&n.host===r.host&&l.activeElement===s&&(d.top.location.href=t.value))}},d.addEventListener(\"message\",d.wp.receiveEmbedMessage,!1),l.addEventListener(\"DOMContentLoaded\",function(){for(var e,t,s=l.querySelectorAll(\"iframe.wp-embedded-content\"),r=0;r<s.length;r++)(t=(e=s[r]).getAttribute(\"data-secret\"))||(t=Math.random().toString(36).substring(2,12),e.src+=\"#?secret=\"+t,e.setAttribute(\"data-secret\",t)),e.contentWindow.postMessage({message:\"ready\",secret:t},\"*\")},!1)))}(window,document);\n\/\/# sourceURL=https:\/\/www.eldiario.net\/portal\/wp-includes\/js\/wp-embed.min.js\n<\/script>\n","description":"Roma.- El Papa nombr\u00f3 a monse\u00f1or Adolfo Tito Yllana como nuevo nuncio apost\u00f3lico en Israel y\u00a0Chipre, delegado\u00a0apost\u00f3lico en Jerusal\u00e9n y\u00a0Palestina, seg\u00fan\u00a0informaci\u00f3n difundida por la oficina de prensa de la Santa Sede. Yllana, de 73 a\u00f1os, forma parte del servicio diplom\u00e1tico de la Santa Sede desde 1984 y, antes de este nombramiento, trabajaba en la Nunciatura [&hellip;]"}

Roma.- El Papa nombró a monseñor Adolfo Tito Yllana como nuevo nuncio apostólico en Israel y Chipre, delegado apostólico en Jerusalén y Palestina, según información difundida por la oficina de prensa de la Santa Sede. Yllana, de 73 años, forma parte del servicio diplomático de la Santa Sede desde 1984 y, antes de este nombramiento, trabajaba en la Nunciatura [&hellip;]
