{"version":"1.0","provider_name":"El Diario - Bolivia","provider_url":"https:\/\/www.eldiario.net\/portal","title":"Barcelona: Koeman y Cruyff, van - El Diario - Bolivia","type":"rich","width":600,"height":338,"html":"<blockquote class=\"wp-embedded-content\" data-secret=\"gWk0LqMhNu\"><a href=\"https:\/\/www.eldiario.net\/portal\/2021\/06\/04\/barcelona-koeman-y-cruyff-van\/\">Barcelona: Koeman y Cruyff, van<\/a><\/blockquote><iframe sandbox=\"allow-scripts\" security=\"restricted\" src=\"https:\/\/www.eldiario.net\/portal\/2021\/06\/04\/barcelona-koeman-y-cruyff-van\/embed\/#?secret=gWk0LqMhNu\" width=\"600\" height=\"338\" title=\"\u00abBarcelona: Koeman y Cruyff, van\u00bb \u2014 El Diario - Bolivia\" data-secret=\"gWk0LqMhNu\" frameborder=\"0\" marginwidth=\"0\" marginheight=\"0\" scrolling=\"no\" class=\"wp-embedded-content\"><\/iframe><script>\n\/*! This file is auto-generated *\/\n!function(d,l){\"use strict\";l.querySelector&&d.addEventListener&&\"undefined\"!=typeof URL&&(d.wp=d.wp||{},d.wp.receiveEmbedMessage||(d.wp.receiveEmbedMessage=function(e){var t=e.data;if((t||t.secret||t.message||t.value)&&!\/[^a-zA-Z0-9]\/.test(t.secret)){for(var s,r,n,a=l.querySelectorAll('iframe[data-secret=\"'+t.secret+'\"]'),o=l.querySelectorAll('blockquote[data-secret=\"'+t.secret+'\"]'),c=new RegExp(\"^https?:$\",\"i\"),i=0;i<o.length;i++)o[i].style.display=\"none\";for(i=0;i<a.length;i++)s=a[i],e.source===s.contentWindow&&(s.removeAttribute(\"style\"),\"height\"===t.message?(1e3<(r=parseInt(t.value,10))?r=1e3:~~r<200&&(r=200),s.height=r):\"link\"===t.message&&(r=new URL(s.getAttribute(\"src\")),n=new URL(t.value),c.test(n.protocol))&&n.host===r.host&&l.activeElement===s&&(d.top.location.href=t.value))}},d.addEventListener(\"message\",d.wp.receiveEmbedMessage,!1),l.addEventListener(\"DOMContentLoaded\",function(){for(var e,t,s=l.querySelectorAll(\"iframe.wp-embedded-content\"),r=0;r<s.length;r++)(t=(e=s[r]).getAttribute(\"data-secret\"))||(t=Math.random().toString(36).substring(2,12),e.src+=\"#?secret=\"+t,e.setAttribute(\"data-secret\",t)),e.contentWindow.postMessage({message:\"ready\",secret:t},\"*\")},!1)))}(window,document);\n\/\/# sourceURL=https:\/\/www.eldiario.net\/portal\/wp-includes\/js\/wp-embed.min.js\n<\/script>\n","description":"Se acab\u00f3 la espera. Joan Laporta ha confirmado que, tras este periodo de reflexi\u00f3n, Koeman seguir\u00e1 siendo el director de orquesta del nuevo Bar\u00e7a al menos para la pr\u00f3xima temporada. Despu\u00e9s de varias semanas de incertidumbre y de reuniones en donde se debat\u00eda sobre su continuidad, la nueva Junta Directiva apuesta por la continuidad del [&hellip;]"}

Se acabó la espera. Joan Laporta ha confirmado que, tras este periodo de reflexión, Koeman seguirá siendo el director de orquesta del nuevo Barça al menos para la próxima temporada. Después de varias semanas de incertidumbre y de reuniones en donde se debatía sobre su continuidad, la nueva Junta Directiva apuesta por la continuidad del [&hellip;]
