{"version":"1.0","provider_name":"El Diario - Bolivia","provider_url":"https:\/\/www.eldiario.net\/portal","title":"Alejandro Delius - El Diario - Bolivia","type":"rich","width":600,"height":338,"html":"<blockquote class=\"wp-embedded-content\" data-secret=\"YzuiRamevh\"><a href=\"https:\/\/www.eldiario.net\/portal\/2021\/06\/04\/alejandro-delius\/\">Alejandro Delius<\/a><\/blockquote><iframe sandbox=\"allow-scripts\" security=\"restricted\" src=\"https:\/\/www.eldiario.net\/portal\/2021\/06\/04\/alejandro-delius\/embed\/#?secret=YzuiRamevh\" width=\"600\" height=\"338\" title=\"\u00abAlejandro Delius\u00bb \u2014 El Diario - Bolivia\" data-secret=\"YzuiRamevh\" frameborder=\"0\" marginwidth=\"0\" marginheight=\"0\" scrolling=\"no\" class=\"wp-embedded-content\"><\/iframe><script>\n\/*! This file is auto-generated *\/\n!function(d,l){\"use strict\";l.querySelector&&d.addEventListener&&\"undefined\"!=typeof URL&&(d.wp=d.wp||{},d.wp.receiveEmbedMessage||(d.wp.receiveEmbedMessage=function(e){var t=e.data;if((t||t.secret||t.message||t.value)&&!\/[^a-zA-Z0-9]\/.test(t.secret)){for(var s,r,n,a=l.querySelectorAll('iframe[data-secret=\"'+t.secret+'\"]'),o=l.querySelectorAll('blockquote[data-secret=\"'+t.secret+'\"]'),c=new RegExp(\"^https?:$\",\"i\"),i=0;i<o.length;i++)o[i].style.display=\"none\";for(i=0;i<a.length;i++)s=a[i],e.source===s.contentWindow&&(s.removeAttribute(\"style\"),\"height\"===t.message?(1e3<(r=parseInt(t.value,10))?r=1e3:~~r<200&&(r=200),s.height=r):\"link\"===t.message&&(r=new URL(s.getAttribute(\"src\")),n=new URL(t.value),c.test(n.protocol))&&n.host===r.host&&l.activeElement===s&&(d.top.location.href=t.value))}},d.addEventListener(\"message\",d.wp.receiveEmbedMessage,!1),l.addEventListener(\"DOMContentLoaded\",function(){for(var e,t,s=l.querySelectorAll(\"iframe.wp-embedded-content\"),r=0;r<s.length;r++)(t=(e=s[r]).getAttribute(\"data-secret\"))||(t=Math.random().toString(36).substring(2,12),e.src+=\"#?secret=\"+t,e.setAttribute(\"data-secret\",t)),e.contentWindow.postMessage({message:\"ready\",secret:t},\"*\")},!1)))}(window,document);\n\/\/# sourceURL=https:\/\/www.eldiario.net\/portal\/wp-includes\/js\/wp-embed.min.js\n<\/script>\n","description":"El invitado de lujo en Cvltvral hoy es un m\u00fasico muy talentoso, dedicado, profesional y, sin duda, uno de los grandes rock stars bolivianos del \u00faltimo tiempo. Con una carrera que inici\u00f3 en los lejanos 90 junto a diferentes proyectos, este tiempo marc\u00f3 el comienzo de una vida dedicada a la m\u00fasica que deriv\u00f3 en [&hellip;]"}

El invitado de lujo en Cvltvral hoy es un músico muy talentoso, dedicado, profesional y, sin duda, uno de los grandes rock stars bolivianos del último tiempo. Con una carrera que inició en los lejanos 90 junto a diferentes proyectos, este tiempo marcó el comienzo de una vida dedicada a la música que derivó en [&hellip;]
