{"version":"1.0","provider_name":"El Diario - Bolivia","provider_url":"https:\/\/www.eldiario.net\/portal","title":"Buscan que Legislativo elija a fiscales departamentales - El Diario - Bolivia","type":"rich","width":600,"height":338,"html":"<blockquote class=\"wp-embedded-content\" data-secret=\"zvfiQns0Xw\"><a href=\"https:\/\/www.eldiario.net\/portal\/2021\/06\/03\/buscan-que-legislativo-elija-a-fiscales-departamentales\/\">Buscan que Legislativo elija a fiscales departamentales<\/a><\/blockquote><iframe sandbox=\"allow-scripts\" security=\"restricted\" src=\"https:\/\/www.eldiario.net\/portal\/2021\/06\/03\/buscan-que-legislativo-elija-a-fiscales-departamentales\/embed\/#?secret=zvfiQns0Xw\" width=\"600\" height=\"338\" title=\"\u00abBuscan que Legislativo elija a fiscales departamentales\u00bb \u2014 El Diario - Bolivia\" data-secret=\"zvfiQns0Xw\" frameborder=\"0\" marginwidth=\"0\" marginheight=\"0\" scrolling=\"no\" class=\"wp-embedded-content\"><\/iframe><script>\n\/*! This file is auto-generated *\/\n!function(d,l){\"use strict\";l.querySelector&&d.addEventListener&&\"undefined\"!=typeof URL&&(d.wp=d.wp||{},d.wp.receiveEmbedMessage||(d.wp.receiveEmbedMessage=function(e){var t=e.data;if((t||t.secret||t.message||t.value)&&!\/[^a-zA-Z0-9]\/.test(t.secret)){for(var s,r,n,a=l.querySelectorAll('iframe[data-secret=\"'+t.secret+'\"]'),o=l.querySelectorAll('blockquote[data-secret=\"'+t.secret+'\"]'),c=new RegExp(\"^https?:$\",\"i\"),i=0;i<o.length;i++)o[i].style.display=\"none\";for(i=0;i<a.length;i++)s=a[i],e.source===s.contentWindow&&(s.removeAttribute(\"style\"),\"height\"===t.message?(1e3<(r=parseInt(t.value,10))?r=1e3:~~r<200&&(r=200),s.height=r):\"link\"===t.message&&(r=new URL(s.getAttribute(\"src\")),n=new URL(t.value),c.test(n.protocol))&&n.host===r.host&&l.activeElement===s&&(d.top.location.href=t.value))}},d.addEventListener(\"message\",d.wp.receiveEmbedMessage,!1),l.addEventListener(\"DOMContentLoaded\",function(){for(var e,t,s=l.querySelectorAll(\"iframe.wp-embedded-content\"),r=0;r<s.length;r++)(t=(e=s[r]).getAttribute(\"data-secret\"))||(t=Math.random().toString(36).substring(2,12),e.src+=\"#?secret=\"+t,e.setAttribute(\"data-secret\",t)),e.contentWindow.postMessage({message:\"ready\",secret:t},\"*\")},!1)))}(window,document);\n\/\/# sourceURL=https:\/\/www.eldiario.net\/portal\/wp-includes\/js\/wp-embed.min.js\n<\/script>\n","description":"Debido a las denuncias que recibe la Comisi\u00f3n de Derechos Humanos de la C\u00e1mara de Diputados, la diputada Gladys Quispe (MAS) present\u00f3 un proyecto de ley que busca que los fiscales departamentales sean elegidos por la Asamblea Legislativa. Actualmente, el Fiscal General es quien designa a estas autoridades. \u201cViendo la crisis en la justicia, hemos [&hellip;]"}

Debido a las denuncias que recibe la Comisión de Derechos Humanos de la Cámara de Diputados, la diputada Gladys Quispe (MAS) presentó un proyecto de ley que busca que los fiscales departamentales sean elegidos por la Asamblea Legislativa. Actualmente, el Fiscal General es quien designa a estas autoridades. “Viendo la crisis en la justicia, hemos [&hellip;]
