{"version":"1.0","provider_name":"El Diario - Bolivia","provider_url":"https:\/\/www.eldiario.net\/portal","title":"Creemos pide mejorar medidas contra pandemia - El Diario - Bolivia","type":"rich","width":600,"height":338,"html":"<blockquote class=\"wp-embedded-content\" data-secret=\"VFk9suDDpp\"><a href=\"https:\/\/www.eldiario.net\/portal\/2021\/05\/30\/creemos-pide-mejorar-medidas-contra-pandemia\/\">Creemos pide mejorar  medidas contra pandemia<\/a><\/blockquote><iframe sandbox=\"allow-scripts\" security=\"restricted\" src=\"https:\/\/www.eldiario.net\/portal\/2021\/05\/30\/creemos-pide-mejorar-medidas-contra-pandemia\/embed\/#?secret=VFk9suDDpp\" width=\"600\" height=\"338\" title=\"\u00abCreemos pide mejorar  medidas contra pandemia\u00bb \u2014 El Diario - Bolivia\" data-secret=\"VFk9suDDpp\" frameborder=\"0\" marginwidth=\"0\" marginheight=\"0\" scrolling=\"no\" class=\"wp-embedded-content\"><\/iframe><script>\n\/*! This file is auto-generated *\/\n!function(d,l){\"use strict\";l.querySelector&&d.addEventListener&&\"undefined\"!=typeof URL&&(d.wp=d.wp||{},d.wp.receiveEmbedMessage||(d.wp.receiveEmbedMessage=function(e){var t=e.data;if((t||t.secret||t.message||t.value)&&!\/[^a-zA-Z0-9]\/.test(t.secret)){for(var s,r,n,a=l.querySelectorAll('iframe[data-secret=\"'+t.secret+'\"]'),o=l.querySelectorAll('blockquote[data-secret=\"'+t.secret+'\"]'),c=new RegExp(\"^https?:$\",\"i\"),i=0;i<o.length;i++)o[i].style.display=\"none\";for(i=0;i<a.length;i++)s=a[i],e.source===s.contentWindow&&(s.removeAttribute(\"style\"),\"height\"===t.message?(1e3<(r=parseInt(t.value,10))?r=1e3:~~r<200&&(r=200),s.height=r):\"link\"===t.message&&(r=new URL(s.getAttribute(\"src\")),n=new URL(t.value),c.test(n.protocol))&&n.host===r.host&&l.activeElement===s&&(d.top.location.href=t.value))}},d.addEventListener(\"message\",d.wp.receiveEmbedMessage,!1),l.addEventListener(\"DOMContentLoaded\",function(){for(var e,t,s=l.querySelectorAll(\"iframe.wp-embedded-content\"),r=0;r<s.length;r++)(t=(e=s[r]).getAttribute(\"data-secret\"))||(t=Math.random().toString(36).substring(2,12),e.src+=\"#?secret=\"+t,e.setAttribute(\"data-secret\",t)),e.contentWindow.postMessage({message:\"ready\",secret:t},\"*\")},!1)))}(window,document);\n\/\/# sourceURL=https:\/\/www.eldiario.net\/portal\/wp-includes\/js\/wp-embed.min.js\n<\/script>\n","thumbnail_url":"https:\/\/www.eldiario.net\/portal\/wp-content\/uploads\/2021\/05\/parlamentarias-creemos.jpg","thumbnail_width":1280,"thumbnail_height":853,"description":"Mediante una carta dirigida al presidente, Luis Arce Catacora, parlamentarios de la agrupaci\u00f3n Creemos, plantearon al Gobierno asumir medidas para valorar y gestionar nuevas estrategias que permitan la aplicaci\u00f3n de mejores pol\u00edticas en la lucha contra la pandemia del coronavirus. La senadora representante del departamento de Santa Cruz, Centa Rek explic\u00f3 que,\u00a0 junto a asamble\u00edstas [&hellip;]"}

Mediante una carta dirigida al presidente, Luis Arce Catacora, parlamentarios de la agrupación Creemos, plantearon al Gobierno asumir medidas para valorar y gestionar nuevas estrategias que permitan la aplicación de mejores políticas en la lucha contra la pandemia del coronavirus. La senadora representante del departamento de Santa Cruz, Centa Rek explicó que,  junto a asambleístas [&hellip;]
