{"version":"1.0","provider_name":"El Diario - Bolivia","provider_url":"https:\/\/www.eldiario.net\/portal","title":"Sue\u00f1o, memoria y aprendizaje - El Diario - Bolivia","type":"rich","width":600,"height":338,"html":"<blockquote class=\"wp-embedded-content\" data-secret=\"eV2y0YeqGQ\"><a href=\"https:\/\/www.eldiario.net\/portal\/2021\/05\/26\/sueno-memoria-y-aprendizaje\/\">Sue\u00f1o, memoria y aprendizaje<\/a><\/blockquote><iframe sandbox=\"allow-scripts\" security=\"restricted\" src=\"https:\/\/www.eldiario.net\/portal\/2021\/05\/26\/sueno-memoria-y-aprendizaje\/embed\/#?secret=eV2y0YeqGQ\" width=\"600\" height=\"338\" title=\"\u00abSue\u00f1o, memoria y aprendizaje\u00bb \u2014 El Diario - Bolivia\" data-secret=\"eV2y0YeqGQ\" frameborder=\"0\" marginwidth=\"0\" marginheight=\"0\" scrolling=\"no\" class=\"wp-embedded-content\"><\/iframe><script>\n\/*! This file is auto-generated *\/\n!function(d,l){\"use strict\";l.querySelector&&d.addEventListener&&\"undefined\"!=typeof URL&&(d.wp=d.wp||{},d.wp.receiveEmbedMessage||(d.wp.receiveEmbedMessage=function(e){var t=e.data;if((t||t.secret||t.message||t.value)&&!\/[^a-zA-Z0-9]\/.test(t.secret)){for(var s,r,n,a=l.querySelectorAll('iframe[data-secret=\"'+t.secret+'\"]'),o=l.querySelectorAll('blockquote[data-secret=\"'+t.secret+'\"]'),c=new RegExp(\"^https?:$\",\"i\"),i=0;i<o.length;i++)o[i].style.display=\"none\";for(i=0;i<a.length;i++)s=a[i],e.source===s.contentWindow&&(s.removeAttribute(\"style\"),\"height\"===t.message?(1e3<(r=parseInt(t.value,10))?r=1e3:~~r<200&&(r=200),s.height=r):\"link\"===t.message&&(r=new URL(s.getAttribute(\"src\")),n=new URL(t.value),c.test(n.protocol))&&n.host===r.host&&l.activeElement===s&&(d.top.location.href=t.value))}},d.addEventListener(\"message\",d.wp.receiveEmbedMessage,!1),l.addEventListener(\"DOMContentLoaded\",function(){for(var e,t,s=l.querySelectorAll(\"iframe.wp-embedded-content\"),r=0;r<s.length;r++)(t=(e=s[r]).getAttribute(\"data-secret\"))||(t=Math.random().toString(36).substring(2,12),e.src+=\"#?secret=\"+t,e.setAttribute(\"data-secret\",t)),e.contentWindow.postMessage({message:\"ready\",secret:t},\"*\")},!1)))}(window,document);\n\/\/# sourceURL=https:\/\/www.eldiario.net\/portal\/wp-includes\/js\/wp-embed.min.js\n<\/script>\n","description":"Desde la Edad Antigua el hombre ha intentado explicar el funcionamiento del cerebro, en estudios sobre sus caracter\u00edsticas anat\u00f3micas hasta su complejo funcionamiento. Durante la llamada \u201cD\u00e9cada del cerebro\u201d, estas investigaciones avanzaron a pasos agigantados, puesto que se pod\u00eda estudiar al cerebro in vivo a trav\u00e9s de t\u00e9cnicas no invasivas (Campos, Vel\u00e1squez, L\u00e1zaro. 2019). La [&hellip;]"}

Sueño, memoria y aprendizaje - El Diario - Bolivia

<blockquote class="wp-embedded-content" data-secret="eV2y0YeqGQ"><a href="https://www.eldiario.net/portal/2021/05/26/sueno-memoria-y-aprendizaje/">Sueño, memoria y aprendizaje</a></blockquote><iframe sandbox="allow-scripts" security="restricted" src="https://www.eldiario.net/portal/2021/05/26/sueno-memoria-y-aprendizaje/embed/#?secret=eV2y0YeqGQ" width="600" height="338" title="«Sueño, memoria y aprendizaje» — El Diario - Bolivia" data-secret="eV2y0YeqGQ" frameborder="0" marginwidth="0" marginheight="0" scrolling="no" class="wp-embedded-content"></iframe><script>
/*! This file is auto-generated */
!function(d,l){"use strict";l.querySelector&&d.addEventListener&&"undefined"!=typeof URL&&(d.wp=d.wp||{},d.wp.receiveEmbedMessage||(d.wp.receiveEmbedMessage=function(e){var t=e.data;if((t||t.secret||t.message||t.value)&&!/[^a-zA-Z0-9]/.test(t.secret)){for(var s,r,n,a=l.querySelectorAll('iframe[data-secret="'+t.secret+'"]'),o=l.querySelectorAll('blockquote[data-secret="'+t.secret+'"]'),c=new RegExp("^https?:$","i"),i=0;i<o.length;i++)o[i].style.display="none";for(i=0;i<a.length;i++)s=a[i],e.source===s.contentWindow&&(s.removeAttribute("style"),"height"===t.message?(1e3<(r=parseInt(t.value,10))?r=1e3:~~r<200&&(r=200),s.height=r):"link"===t.message&&(r=new URL(s.getAttribute("src")),n=new URL(t.value),c.test(n.protocol))&&n.host===r.host&&l.activeElement===s&&(d.top.location.href=t.value))}},d.addEventListener("message",d.wp.receiveEmbedMessage,!1),l.addEventListener("DOMContentLoaded",function(){for(var e,t,s=l.querySelectorAll("iframe.wp-embedded-content"),r=0;r<s.length;r++)(t=(e=s[r]).getAttribute("data-secret"))||(t=Math.random().toString(36).substring(2,12),e.src+="#?secret="+t,e.setAttribute("data-secret",t)),e.contentWindow.postMessage({message:"ready",secret:t},"*")},!1)))}(window,document);
//# sourceURL=https://www.eldiario.net/portal/wp-includes/js/wp-embed.min.js
</script>

Desde la Edad Antigua el hombre ha intentado explicar el funcionamiento del cerebro, en estudios sobre sus características anatómicas hasta su complejo funcionamiento. Durante la llamada “Década del cerebro”, estas investigaciones avanzaron a pasos agigantados, puesto que se podía estudiar al cerebro in vivo a través de técnicas no invasivas (Campos, Velásquez, Lázaro. 2019). La [&hellip;]
