{"version":"1.0","provider_name":"El Diario - Bolivia","provider_url":"https:\/\/www.eldiario.net\/portal","title":"Exministro de Justicia enfrenta nuevo proceso - El Diario - Bolivia","type":"rich","width":600,"height":338,"html":"<blockquote class=\"wp-embedded-content\" data-secret=\"tLPX1V2h6y\"><a href=\"https:\/\/www.eldiario.net\/portal\/2021\/05\/22\/exministro-de-justicia-enfrenta-nuevo-proceso\/\">Exministro de Justicia enfrenta nuevo proceso<\/a><\/blockquote><iframe sandbox=\"allow-scripts\" security=\"restricted\" src=\"https:\/\/www.eldiario.net\/portal\/2021\/05\/22\/exministro-de-justicia-enfrenta-nuevo-proceso\/embed\/#?secret=tLPX1V2h6y\" width=\"600\" height=\"338\" title=\"\u00abExministro de Justicia enfrenta nuevo proceso\u00bb \u2014 El Diario - Bolivia\" data-secret=\"tLPX1V2h6y\" frameborder=\"0\" marginwidth=\"0\" marginheight=\"0\" scrolling=\"no\" class=\"wp-embedded-content\"><\/iframe><script>\n\/*! This file is auto-generated *\/\n!function(d,l){\"use strict\";l.querySelector&&d.addEventListener&&\"undefined\"!=typeof URL&&(d.wp=d.wp||{},d.wp.receiveEmbedMessage||(d.wp.receiveEmbedMessage=function(e){var t=e.data;if((t||t.secret||t.message||t.value)&&!\/[^a-zA-Z0-9]\/.test(t.secret)){for(var s,r,n,a=l.querySelectorAll('iframe[data-secret=\"'+t.secret+'\"]'),o=l.querySelectorAll('blockquote[data-secret=\"'+t.secret+'\"]'),c=new RegExp(\"^https?:$\",\"i\"),i=0;i<o.length;i++)o[i].style.display=\"none\";for(i=0;i<a.length;i++)s=a[i],e.source===s.contentWindow&&(s.removeAttribute(\"style\"),\"height\"===t.message?(1e3<(r=parseInt(t.value,10))?r=1e3:~~r<200&&(r=200),s.height=r):\"link\"===t.message&&(r=new URL(s.getAttribute(\"src\")),n=new URL(t.value),c.test(n.protocol))&&n.host===r.host&&l.activeElement===s&&(d.top.location.href=t.value))}},d.addEventListener(\"message\",d.wp.receiveEmbedMessage,!1),l.addEventListener(\"DOMContentLoaded\",function(){for(var e,t,s=l.querySelectorAll(\"iframe.wp-embedded-content\"),r=0;r<s.length;r++)(t=(e=s[r]).getAttribute(\"data-secret\"))||(t=Math.random().toString(36).substring(2,12),e.src+=\"#?secret=\"+t,e.setAttribute(\"data-secret\",t)),e.contentWindow.postMessage({message:\"ready\",secret:t},\"*\")},!1)))}(window,document);\n\/\/# sourceURL=https:\/\/www.eldiario.net\/portal\/wp-includes\/js\/wp-embed.min.js\n<\/script>\n","thumbnail_url":"https:\/\/www.eldiario.net\/portal\/wp-content\/uploads\/2021\/05\/COIMBRA.jpg","thumbnail_width":864,"thumbnail_height":1280,"description":"\u00c1lvaro Co\u00edmbra, exministro de Justicia, que actualmente se encuentra con detenci\u00f3n preventiva en la c\u00e1rcel de San Pedro de La Paz, enfrenta un nuevo proceso, esta vez, por la creaci\u00f3n en 2019 del Comit\u00e9 de \u201cJusticia y Paz\u201d que ten\u00eda la misi\u00f3n de recoger denuncias de personas que sufrieron la privaci\u00f3n de su libertad o [&hellip;]"}

Álvaro Coímbra, exministro de Justicia, que actualmente se encuentra con detención preventiva en la cárcel de San Pedro de La Paz, enfrenta un nuevo proceso, esta vez, por la creación en 2019 del Comité de “Justicia y Paz” que tenía la misión de recoger denuncias de personas que sufrieron la privación de su libertad o [&hellip;]
