{"version":"1.0","provider_name":"El Diario - Bolivia","provider_url":"https:\/\/www.eldiario.net\/portal","title":"No cesa bombardeo sobre Franja de Gaza - El Diario - Bolivia","type":"rich","width":600,"height":338,"html":"<blockquote class=\"wp-embedded-content\" data-secret=\"A8WOqFlzJ8\"><a href=\"https:\/\/www.eldiario.net\/portal\/2021\/05\/16\/no-cesa-bombardeo-sobre-franja-de-gaza\/\">No cesa bombardeo sobre Franja de Gaza<\/a><\/blockquote><iframe sandbox=\"allow-scripts\" security=\"restricted\" src=\"https:\/\/www.eldiario.net\/portal\/2021\/05\/16\/no-cesa-bombardeo-sobre-franja-de-gaza\/embed\/#?secret=A8WOqFlzJ8\" width=\"600\" height=\"338\" title=\"\u00abNo cesa bombardeo sobre Franja de Gaza\u00bb \u2014 El Diario - Bolivia\" data-secret=\"A8WOqFlzJ8\" frameborder=\"0\" marginwidth=\"0\" marginheight=\"0\" scrolling=\"no\" class=\"wp-embedded-content\"><\/iframe><script>\n\/*! This file is auto-generated *\/\n!function(d,l){\"use strict\";l.querySelector&&d.addEventListener&&\"undefined\"!=typeof URL&&(d.wp=d.wp||{},d.wp.receiveEmbedMessage||(d.wp.receiveEmbedMessage=function(e){var t=e.data;if((t||t.secret||t.message||t.value)&&!\/[^a-zA-Z0-9]\/.test(t.secret)){for(var s,r,n,a=l.querySelectorAll('iframe[data-secret=\"'+t.secret+'\"]'),o=l.querySelectorAll('blockquote[data-secret=\"'+t.secret+'\"]'),c=new RegExp(\"^https?:$\",\"i\"),i=0;i<o.length;i++)o[i].style.display=\"none\";for(i=0;i<a.length;i++)s=a[i],e.source===s.contentWindow&&(s.removeAttribute(\"style\"),\"height\"===t.message?(1e3<(r=parseInt(t.value,10))?r=1e3:~~r<200&&(r=200),s.height=r):\"link\"===t.message&&(r=new URL(s.getAttribute(\"src\")),n=new URL(t.value),c.test(n.protocol))&&n.host===r.host&&l.activeElement===s&&(d.top.location.href=t.value))}},d.addEventListener(\"message\",d.wp.receiveEmbedMessage,!1),l.addEventListener(\"DOMContentLoaded\",function(){for(var e,t,s=l.querySelectorAll(\"iframe.wp-embedded-content\"),r=0;r<s.length;r++)(t=(e=s[r]).getAttribute(\"data-secret\"))||(t=Math.random().toString(36).substring(2,12),e.src+=\"#?secret=\"+t,e.setAttribute(\"data-secret\",t)),e.contentWindow.postMessage({message:\"ready\",secret:t},\"*\")},!1)))}(window,document);\n\/\/# sourceURL=https:\/\/www.eldiario.net\/portal\/wp-includes\/js\/wp-embed.min.js\n<\/script>\n","thumbnail_url":"https:\/\/www.eldiario.net\/portal\/wp-content\/uploads\/2021\/05\/P-2-4.jpg","thumbnail_width":512,"thumbnail_height":341,"description":"El Ej\u00e9rcito israel\u00ed admiti\u00f3 por su parte que durante la noche llev\u00f3 a cabo al menos cinco bombardeos en el conjunto de la Franja de Gaza. Entre los objetivos, seg\u00fan un comunicado del propio ej\u00e9rcito, se hallaba uno de los cuarteles generales de Taufik Abu Naim, comandante de las fuerzas de seguridad de Ham\u00e1s, as\u00ed [&hellip;]"}

El Ejército israelí admitió por su parte que durante la noche llevó a cabo al menos cinco bombardeos en el conjunto de la Franja de Gaza. Entre los objetivos, según un comunicado del propio ejército, se hallaba uno de los cuarteles generales de Taufik Abu Naim, comandante de las fuerzas de seguridad de Hamás, así [&hellip;]
