{"version":"1.0","provider_name":"El Diario - Bolivia","provider_url":"https:\/\/www.eldiario.net\/portal","title":"Alcalde Arias lamenta negativa presidencial - El Diario - Bolivia","type":"rich","width":600,"height":338,"html":"<blockquote class=\"wp-embedded-content\" data-secret=\"crDV44DuXc\"><a href=\"https:\/\/www.eldiario.net\/portal\/2021\/05\/10\/alcalde-arias-lamenta-negativa-presidencial\/\">Alcalde Arias lamenta negativa presidencial<\/a><\/blockquote><iframe sandbox=\"allow-scripts\" security=\"restricted\" src=\"https:\/\/www.eldiario.net\/portal\/2021\/05\/10\/alcalde-arias-lamenta-negativa-presidencial\/embed\/#?secret=crDV44DuXc\" width=\"600\" height=\"338\" title=\"\u00abAlcalde Arias lamenta negativa presidencial\u00bb \u2014 El Diario - Bolivia\" data-secret=\"crDV44DuXc\" frameborder=\"0\" marginwidth=\"0\" marginheight=\"0\" scrolling=\"no\" class=\"wp-embedded-content\"><\/iframe><script>\n\/*! This file is auto-generated *\/\n!function(d,l){\"use strict\";l.querySelector&&d.addEventListener&&\"undefined\"!=typeof URL&&(d.wp=d.wp||{},d.wp.receiveEmbedMessage||(d.wp.receiveEmbedMessage=function(e){var t=e.data;if((t||t.secret||t.message||t.value)&&!\/[^a-zA-Z0-9]\/.test(t.secret)){for(var s,r,n,a=l.querySelectorAll('iframe[data-secret=\"'+t.secret+'\"]'),o=l.querySelectorAll('blockquote[data-secret=\"'+t.secret+'\"]'),c=new RegExp(\"^https?:$\",\"i\"),i=0;i<o.length;i++)o[i].style.display=\"none\";for(i=0;i<a.length;i++)s=a[i],e.source===s.contentWindow&&(s.removeAttribute(\"style\"),\"height\"===t.message?(1e3<(r=parseInt(t.value,10))?r=1e3:~~r<200&&(r=200),s.height=r):\"link\"===t.message&&(r=new URL(s.getAttribute(\"src\")),n=new URL(t.value),c.test(n.protocol))&&n.host===r.host&&l.activeElement===s&&(d.top.location.href=t.value))}},d.addEventListener(\"message\",d.wp.receiveEmbedMessage,!1),l.addEventListener(\"DOMContentLoaded\",function(){for(var e,t,s=l.querySelectorAll(\"iframe.wp-embedded-content\"),r=0;r<s.length;r++)(t=(e=s[r]).getAttribute(\"data-secret\"))||(t=Math.random().toString(36).substring(2,12),e.src+=\"#?secret=\"+t,e.setAttribute(\"data-secret\",t)),e.contentWindow.postMessage({message:\"ready\",secret:t},\"*\")},!1)))}(window,document);\n\/\/# sourceURL=https:\/\/www.eldiario.net\/portal\/wp-includes\/js\/wp-embed.min.js\n<\/script>\n","thumbnail_url":"https:\/\/www.eldiario.net\/portal\/wp-content\/uploads\/2021\/05\/Pol-091.jpg","thumbnail_width":770,"thumbnail_height":430,"description":"Tras la negativa del presidente Luis Arce Catacora en reunirse con el alcalde de La Paz, Iv\u00e1n Arias Dur\u00e1n, para coordinar estrategias sobre la vacunaci\u00f3n de la poblaci\u00f3n, la autoridad edil anunci\u00f3 que buscar\u00e1 concertar un encuentro con ministros de Estado para pactar una agenda com\u00fan en beneficio de la ciudadan\u00eda. La autoridad municipal inform\u00f3 [&hellip;]"}

Tras la negativa del presidente Luis Arce Catacora en reunirse con el alcalde de La Paz, Iván Arias Durán, para coordinar estrategias sobre la vacunación de la población, la autoridad edil anunció que buscará concertar un encuentro con ministros de Estado para pactar una agenda común en beneficio de la ciudadanía. La autoridad municipal informó [&hellip;]
